{"id":84,"date":"2016-04-19T05:29:11","date_gmt":"2016-04-19T05:29:11","guid":{"rendered":"http:\/\/basketball.stylemixthemes.com\/?page_id=84"},"modified":"2026-04-02T12:37:46","modified_gmt":"2026-04-02T12:37:46","slug":"home-page-2","status":"publish","type":"page","link":"https:\/\/vasasbasket.hu\/","title":{"rendered":"Vasas Basket a n\u0151i kos\u00e1rlabda fellegv\u00e1ra"},"content":{"rendered":"<div class=\"wpb-content-wrapper\"><p>[vc_row][vc_column][vc_empty_space height=&#8221;100px&#8221;][\/vc_column][\/vc_row][vc_row][vc_column]\n\t\t\t<!-- START HomeSlider 2 REVOLUTION SLIDER 6.7.24 --><p class=\"rs-p-wp-fix\"><\/p>\n\t\t\t<rs-module-wrap id=\"rev_slider_2_1_wrapper\" data-source=\"gallery\" style=\"visibility:hidden;background:rgba(21,21,21,0);padding:0;margin:0px auto;margin-top:0;margin-bottom:0;\">\n\t\t\t\t<rs-module id=\"rev_slider_2_1\" style=\"\" data-version=\"6.7.24\">\n\t\t\t\t\t<rs-slides style=\"overflow: hidden; position: absolute;\">\n\t\t\t\t\t\t<rs-slide style=\"position: absolute;\" data-key=\"rs-2\" data-title=\"NBA Highlights\" data-anim=\"adpr:false;\" data-in=\"o:0;\" data-out=\"a:false;\" data-hsom=\"on\">\n\t\t\t\t\t\t\t<img decoding=\"async\" src=\"\/\/vasasbasket.hu\/wp-content\/plugins\/revslider\/sr6\/assets\/assets\/dummy.png\" alt=\"\" title=\"Slider01\" width=\"1920\" height=\"760\" class=\"rev-slidebg tp-rs-img rs-lazyload\" data-lazyload=\"\/\/vasasbasket.hu\/wp-content\/uploads\/2024\/04\/Slider01.jpg\" data-parallax=\"5\" data-panzoom=\"d:10000;ss:100;se:120;\" data-no-retina>\n<!--\n\t\t\t\t\t\t\t--><rs-layer\n\t\t\t\t\t\t\t\tid=\"slider-2-slide-2-layer-1\" \n\t\t\t\t\t\t\t\tdata-type=\"text\"\n\t\t\t\t\t\t\t\tdata-color=\"rgba(255,255,255,1)\"\n\t\t\t\t\t\t\t\tdata-rsp_ch=\"on\"\n\t\t\t\t\t\t\t\tdata-xy=\"xo:15px;y:m;yo:-111px;\"\n\t\t\t\t\t\t\t\tdata-text=\"s:20,20,20,25;l:22;\"\n\t\t\t\t\t\t\t\tdata-vbility=\"t,t,t,f\"\n\t\t\t\t\t\t\t\tdata-frame_0=\"y:-50px;\"\n\t\t\t\t\t\t\t\tdata-frame_1=\"e:power2.inOut;st:1000;sR:1000;\"\n\t\t\t\t\t\t\t\tdata-frame_999=\"y:-50px;o:0;e:nothing;st:w;sR:7700;\"\n\t\t\t\t\t\t\t\tstyle=\"z-index:6;font-family:'Roboto';\"\n\t\t\t\t\t\t\t><div class=\"slider-title h1\">A vb-re k\u00e9sz\u00fcl\u0151 24 f\u0151s feln\u0151tt<\/div>\n<br>\n<div class=\"slider-title h1\">keretb\u0151l 9 j\u00e1t\u00e9kost<\/div>\n<br>\n<div class=\"slider-title h1\">a Vasas Akad\u00e9mia nevelt<\/div> \n\t\t\t\t\t\t\t<\/rs-layer><!--\n\n\t\t\t\t\t\t\t--><rs-layer\n\t\t\t\t\t\t\t\tid=\"slider-2-slide-2-layer-2\" \n\t\t\t\t\t\t\t\tclass=\"tp-shape tp-shapewrapper\"\n\t\t\t\t\t\t\t\tdata-type=\"shape\"\n\t\t\t\t\t\t\t\tdata-rsp_ch=\"on\"\n\t\t\t\t\t\t\t\tdata-xy=\"xo:0,0,0,2px;\"\n\t\t\t\t\t\t\t\tdata-dim=\"w:100%;h:100%;\"\n\t\t\t\t\t\t\t\tdata-vbility=\"t,t,t,f\"\n\t\t\t\t\t\t\t\tdata-basealign=\"slide\"\n\t\t\t\t\t\t\t\tdata-frame_1=\"e:power2.inOut;sp:0;\"\n\t\t\t\t\t\t\t\tdata-frame_999=\"o:0;e:nothing;st:w;sp:0;sR:9000;\"\n\t\t\t\t\t\t\t\tstyle=\"z-index:5;background-color:rgba(0,0,0,0.50);\"\n\t\t\t\t\t\t\t> \n\t\t\t\t\t\t\t<\/rs-layer><!--\n\n\t\t\t\t\t\t\t--><rs-layer\n\t\t\t\t\t\t\t\tid=\"slider-2-slide-2-layer-4\" \n\t\t\t\t\t\t\t\tdata-type=\"text\"\n\t\t\t\t\t\t\t\tdata-color=\"rgba(255,255,255,1)\"\n\t\t\t\t\t\t\t\tdata-rsp_ch=\"on\"\n\t\t\t\t\t\t\t\tdata-xy=\"xo:15px;y:m;yo:-58px;\"\n\t\t\t\t\t\t\t\tdata-text=\"s:20,20,20,25;l:22;\"\n\t\t\t\t\t\t\t\tdata-vbility=\"t,t,f,f\"\n\t\t\t\t\t\t\t\tdata-frame_0=\"y:-50px;\"\n\t\t\t\t\t\t\t\tdata-frame_1=\"e:power2.inOut;st:1300;sR:1300;\"\n\t\t\t\t\t\t\t\tdata-frame_999=\"y:-50px;o:0;e:nothing;st:w;sR:7400;\"\n\t\t\t\t\t\t\t\tstyle=\"z-index:7;font-family:'Roboto';\"\n\t\t\t\t\t\t\t> \n\t\t\t\t\t\t\t<\/rs-layer><!--\n\n\t\t\t\t\t\t\t--><rs-layer\n\t\t\t\t\t\t\t\tid=\"slider-2-slide-2-layer-5\" \n\t\t\t\t\t\t\t\tdata-type=\"text\"\n\t\t\t\t\t\t\t\tdata-color=\"rgba(255,255,255,1)\"\n\t\t\t\t\t\t\t\tdata-rsp_ch=\"on\"\n\t\t\t\t\t\t\t\tdata-xy=\"xo:14px,14px,14px,15px;y:m;yo:63px,63px,63px,2px;\"\n\t\t\t\t\t\t\t\tdata-text=\"s:20,20,20,20;l:22;\"\n\t\t\t\t\t\t\t\tdata-frame_0=\"y:-50px;\"\n\t\t\t\t\t\t\t\tdata-frame_1=\"e:power2.inOut;st:1600;sR:1600;\"\n\t\t\t\t\t\t\t\tdata-frame_999=\"y:-50px;o:0;e:nothing;st:w;sR:7100;\"\n\t\t\t\t\t\t\t\tstyle=\"z-index:8;font-family:'Roboto';\"\n\t\t\t\t\t\t\t><div class=\"slider-description\">Csatlakozz a csal\u00e1dhoz<\/div> \n\t\t\t\t\t\t\t<\/rs-layer><!--\n\n\t\t\t\t\t\t\t--><rs-layer\n\t\t\t\t\t\t\t\tid=\"slider-2-slide-2-layer-6\" \n\t\t\t\t\t\t\t\tdata-type=\"text\"\n\t\t\t\t\t\t\t\tdata-color=\"rgba(255,255,255,1)\"\n\t\t\t\t\t\t\t\tdata-rsp_ch=\"on\"\n\t\t\t\t\t\t\t\tdata-xy=\"xo:13px;y:m;yo:102px,102px,102px,90px;\"\n\t\t\t\t\t\t\t\tdata-text=\"l:22;\"\n\t\t\t\t\t\t\t\tdata-frame_0=\"y:50px;\"\n\t\t\t\t\t\t\t\tdata-frame_1=\"e:power2.inOut;st:1900;sR:1900;\"\n\t\t\t\t\t\t\t\tdata-frame_999=\"y:50px;o:0;e:nothing;st:w;sR:6800;\"\n\t\t\t\t\t\t\t\tstyle=\"z-index:9;font-family:'Roboto';\"\n\t\t\t\t\t\t\t><a href=\"https:\/\/vasasbasket.hu\/wp-content\/uploads\/2025\/11\/580894843_18300589810280928_2357364045779176220_n.jpg\" class=\"button btn-md\">R\u00e9szletek<\/a> \n\t\t\t\t\t\t\t<\/rs-layer><!--\n-->\t\t\t\t\t<\/rs-slide>\n\t\t\t\t\t\t<rs-slide style=\"position: absolute;\" data-key=\"rs-6\" data-title=\"NBA Highlights\" data-anim=\"adpr:false;\" data-in=\"o:0;\" data-out=\"a:false;\" data-hsom=\"on\">\n\t\t\t\t\t\t\t<img decoding=\"async\" src=\"\/\/vasasbasket.hu\/wp-content\/plugins\/revslider\/sr6\/assets\/assets\/dummy.png\" alt=\"\" title=\"vasas slider 03\" width=\"1920\" height=\"760\" class=\"rev-slidebg tp-rs-img rs-lazyload\" data-lazyload=\"\/\/vasasbasket.hu\/wp-content\/uploads\/2024\/04\/vasas-slider-03.jpg\" data-parallax=\"5\" data-panzoom=\"d:10000;ss:100;se:120;\" data-no-retina>\n<!--\n\t\t\t\t\t\t\t--><rs-layer\n\t\t\t\t\t\t\t\tid=\"slider-2-slide-6-layer-1\" \n\t\t\t\t\t\t\t\tdata-type=\"text\"\n\t\t\t\t\t\t\t\tdata-color=\"rgba(255,255,255,1)\"\n\t\t\t\t\t\t\t\tdata-rsp_ch=\"on\"\n\t\t\t\t\t\t\t\tdata-xy=\"xo:15px;y:m;yo:-111px;\"\n\t\t\t\t\t\t\t\tdata-text=\"s:20,20,20,25;l:22;\"\n\t\t\t\t\t\t\t\tdata-frame_0=\"y:-50px;\"\n\t\t\t\t\t\t\t\tdata-frame_1=\"e:power2.inOut;st:1000;sR:1000;\"\n\t\t\t\t\t\t\t\tdata-frame_999=\"y:-50px;o:0;e:nothing;st:w;sR:7700;\"\n\t\t\t\t\t\t\t\tstyle=\"z-index:6;font-family:'Roboto';\"\n\t\t\t\t\t\t\t><div class=\"slider-title h1\">Toborz\u00f3<\/div>\n<br>\n<div class=\"slider-title h1\">El\u0151k\u00e9sz\u00edt\u0151 tanfolyam<\/div> \n\t\t\t\t\t\t\t<\/rs-layer><!--\n\n\t\t\t\t\t\t\t--><rs-layer\n\t\t\t\t\t\t\t\tid=\"slider-2-slide-6-layer-4\" \n\t\t\t\t\t\t\t\tdata-type=\"text\"\n\t\t\t\t\t\t\t\tdata-color=\"rgba(255,255,255,1)\"\n\t\t\t\t\t\t\t\tdata-rsp_ch=\"on\"\n\t\t\t\t\t\t\t\tdata-xy=\"xo:15px;y:m;yo:-58px;\"\n\t\t\t\t\t\t\t\tdata-text=\"s:20,20,20,25;l:22;\"\n\t\t\t\t\t\t\t\tdata-frame_0=\"y:-50px;\"\n\t\t\t\t\t\t\t\tdata-frame_1=\"e:power2.inOut;st:1300;sR:1300;\"\n\t\t\t\t\t\t\t\tdata-frame_999=\"y:-50px;o:0;e:nothing;st:w;sR:7400;\"\n\t\t\t\t\t\t\t\tstyle=\"z-index:7;font-family:'Roboto';\"\n\t\t\t\t\t\t\t> \n\t\t\t\t\t\t\t<\/rs-layer><!--\n\n\t\t\t\t\t\t\t--><rs-layer\n\t\t\t\t\t\t\t\tid=\"slider-2-slide-6-layer-5\" \n\t\t\t\t\t\t\t\tdata-type=\"text\"\n\t\t\t\t\t\t\t\tdata-color=\"rgba(255,255,255,1)\"\n\t\t\t\t\t\t\t\tdata-rsp_ch=\"on\"\n\t\t\t\t\t\t\t\tdata-xy=\"xo:15px;y:m;yo:2px;\"\n\t\t\t\t\t\t\t\tdata-text=\"s:20,20,20,20;l:22;\"\n\t\t\t\t\t\t\t\tdata-frame_0=\"y:-50px;\"\n\t\t\t\t\t\t\t\tdata-frame_1=\"e:power2.inOut;st:1600;sR:1600;\"\n\t\t\t\t\t\t\t\tdata-frame_999=\"y:-50px;o:0;e:nothing;st:w;sR:7100;\"\n\t\t\t\t\t\t\t\tstyle=\"z-index:8;font-family:'Roboto';\"\n\t\t\t\t\t\t\t><div class=\"slider-description\">Csatlakozz a csal\u00e1dhoz<\/div> \n\t\t\t\t\t\t\t<\/rs-layer><!--\n\n\t\t\t\t\t\t\t--><rs-layer\n\t\t\t\t\t\t\t\tid=\"slider-2-slide-6-layer-6\" \n\t\t\t\t\t\t\t\tdata-type=\"text\"\n\t\t\t\t\t\t\t\tdata-color=\"rgba(255,255,255,1)\"\n\t\t\t\t\t\t\t\tdata-rsp_ch=\"on\"\n\t\t\t\t\t\t\t\tdata-xy=\"xo:13px;y:m;yo:90px;\"\n\t\t\t\t\t\t\t\tdata-text=\"l:22;\"\n\t\t\t\t\t\t\t\tdata-frame_0=\"y:50px;\"\n\t\t\t\t\t\t\t\tdata-frame_1=\"e:power2.inOut;st:1900;sR:1900;\"\n\t\t\t\t\t\t\t\tdata-frame_999=\"y:50px;o:0;e:nothing;st:w;sR:6800;\"\n\t\t\t\t\t\t\t\tstyle=\"z-index:9;font-family:'Roboto';\"\n\t\t\t\t\t\t\t><a href=\"https:\/\/vasasbasket.hu\/wp-content\/uploads\/2025\/08\/elokeszito_tanf_toborzo_2025_v2-ALAP-1_page-0001-scaled.jpg\">R\u00e9szletek<\/a> \n\t\t\t\t\t\t\t<\/rs-layer><!--\n-->\t\t\t\t\t<\/rs-slide>\n\t\t\t\t\t<\/rs-slides>\n\t\t\t\t<\/rs-module>\n\t\t\t\t<script>\n\t\t\t\t\tsetREVStartSize({c: 'rev_slider_2_1',rl:[1240,1240,778,480],el:[599.997,599.997,960,720],gw:[1200,1200,700,480],gh:[600,600,960,720],type:'standard',justify:'',layout:'fullwidth',mh:\"0\"});if (window.RS_MODULES!==undefined && window.RS_MODULES.modules!==undefined && window.RS_MODULES.modules[\"revslider21\"]!==undefined) {window.RS_MODULES.modules[\"revslider21\"].once = false;window.revapi2 = undefined;if (window.RS_MODULES.checkMinimal!==undefined) window.RS_MODULES.checkMinimal()}\n\t\t\t\t<\/script>\n\t\t\t<\/rs-module-wrap>\n\t\t\t<!-- END REVOLUTION SLIDER -->\n[\/vc_column][\/vc_row][vc_row full_width=&#8221;stretch_row&#8221; css=&#8221;.vc_custom_1727089164193{padding-top: 7px !important;padding-bottom: 7px !important;}&#8221; el_id=&#8221;tippmix_banner&#8221;][vc_column][vc_empty_space height=&#8221;10px&#8221;][vc_column_text][\/vc_column_text][\/vc_column][\/vc_row][vc_row full_width=&#8221;stretch_row&#8221; css=&#8221;.vc_custom_1711629677097{padding-top: 7px !important;padding-bottom: 7px !important;}&#8221;][vc_column][stm_news_tabs title=&#8221;&#8221; number=&#8221;6&#8243; post_categories=&#8221;hirek&#8221;][\/vc_column][\/vc_row][vc_row][vc_column][vc_empty_space][vc_custom_heading text=&#8221;K\u00d6VETKEZ\u0150 M\u00c9RK\u0150Z\u00c9SEK&#8221; font_container=&#8221;tag:h2|text_align:center&#8221; use_theme_fonts=&#8221;yes&#8221; css=&#8221;&#8221;][stm_next_match view_type=&#8221;blocks&#8221; show_games=&#8221;all&#8221; pick_team=&#8221;0&#8243; text_color=&#8221;#FFFFFF&#8221;][vc_column_text css_animation=&#8221;slideInUp&#8221; css=&#8221;&#8221;]<\/p>\n<h3 style=\"text-align: center;\"><strong>Jegy\u00e1rak a 2024\/25-\u00f6s bajnoki m\u00e9rk\u0151z\u00e9sekre:<\/strong><\/h3>\n<h5 style=\"text-align: center;\">Feln\u0151tt: 2.500 Ft<br \/>\nDi\u00e1k vagy nyugd\u00edjas: 2.000 Ft<br \/>\nVASAS-f\u00fcgg\u0151 k\u00e1rty\u00e1val: 2.000 Ft<br \/>\n14 \u00e9ves korig a bel\u00e9p\u00e9s ingyenes.<br \/>\nJegy v\u00e1s\u00e1rl\u00e1s csak a helysz\u00ednen, a m\u00e9rk\u0151z\u00e9s el\u0151tt lehets\u00e9ges.<\/h5>\n<p>[\/vc_column_text][\/vc_column][\/vc_row][vc_row][vc_column][vc_empty_space][vc_custom_heading text=&#8221;TR\u00d3FE\u00c1K&#8221; font_container=&#8221;tag:h2|text_align:center&#8221; use_theme_fonts=&#8221;yes&#8221;][\/vc_column][\/vc_row][vc_row][vc_column][stm_trophies title=&#8221;&#8221;][stm_trophy image=&#8221;1208&#8243; year=&#8221;2016\/17&#8243; title=&#8221;Kadett 1 hely \/ Junior 2. hely \/ Serd\u00fcl\u0151 2. hely&#8221;][stm_trophy image=&#8221;1209&#8243; year=&#8221;2015\/16&#8243; title=&#8221;Junior 2. hely \/ Kadett 2. hely \/ Serd\u00fcl\u0151 2. hely&#8221;][stm_trophy image=&#8221;1208&#8243; year=&#8221;2014\/15&#8243; title=&#8221;Junior 3. hely \/ Kadett 2. hely \/ Serd\u00fcl\u0151 1 hely \/ Tini 2. hely&#8221;][stm_trophy image=&#8221;1210&#8243; year=&#8221;2013\/14&#8243; title=&#8221;Junior 1. hely \/ Kadett 1. hely \/ Serd\u00fcl\u0151 1. hely \/ Tini 2. hely&#8221;][stm_trophy image=&#8221;1210&#8243; year=&#8221;2012\/13&#8243; title=&#8221;Junior 1. hely \/ Kadett 4. hely \/ Serd\u00fcl\u0151 1. hely \/ Tini 5. hely&#8221;][stm_trophy image=&#8221;1210&#8243; year=&#8221;2011\/12&#8243; title=&#8221;Junior 4. hely \/ Kadett 1. hely \/ Serd\u00fcl\u0151 1. hely&#8221;][stm_trophy image=&#8221;1210&#8243; year=&#8221;2017\/18&#8243; title=&#8221;junior 1 \/ kadett 2 \/ serd\u00fcl\u0151 5.&#8221;][\/stm_trophies][\/vc_column][\/vc_row][vc_row][vc_column][vc_empty_space][vc_empty_space][vc_custom_heading text=&#8221;T\u00c1MOGAT\u00d3INK&#8221; font_container=&#8221;tag:h2|text_align:center&#8221; use_theme_fonts=&#8221;yes&#8221;][vc_empty_space][\/vc_column][\/vc_row][vc_row][vc_column width=&#8221;1\/3&#8243;][vc_empty_space height=&#8221;74px&#8221;][vc_single_image image=&#8221;9051&#8243; img_size=&#8221;medium&#8221; alignment=&#8221;center&#8221; onclick=&#8221;custom_link&#8221; css_animation=&#8221;flipInX&#8221; css=&#8221;&#8221; link=&#8221;https:\/\/www.tippmixpro.hu\/v-sport&#8221;][vc_empty_space][\/vc_column][vc_column width=&#8221;1\/3&#8243;][vc_empty_space height=&#8221;22px&#8221;][vc_single_image image=&#8221;13902&#8243; img_size=&#8221;medium&#8221; alignment=&#8221;center&#8221; onclick=&#8221;custom_link&#8221; css_animation=&#8221;flipInX&#8221; css=&#8221;&#8221; link=&#8221;http:\/\/hunbasket.hu&#8221;][\/vc_column][vc_column width=&#8221;1\/3&#8243;][vc_empty_space height=&#8221;70px&#8221;][vc_single_image image=&#8221;13988&#8243; img_size=&#8221;medium&#8221; alignment=&#8221;center&#8221; onclick=&#8221;custom_link&#8221; css_animation=&#8221;flipInX&#8221; css=&#8221;&#8221; link=&#8221;http:\/\/hunbasket.hu&#8221;][\/vc_column][\/vc_row][vc_row][vc_column width=&#8221;1\/3&#8243;][vc_empty_space height=&#8221;52px&#8221;][vc_single_image image=&#8221;8692&#8243; img_size=&#8221;large&#8221; alignment=&#8221;center&#8221; css_animation=&#8221;flipInX&#8221; css=&#8221;&#8221;][vc_empty_space height=&#8221;22px&#8221;][\/vc_column][vc_column width=&#8221;1\/3&#8243;][vc_empty_space height=&#8221;20px&#8221;][vc_single_image image=&#8221;5491&#8243; img_size=&#8221;large&#8221; alignment=&#8221;center&#8221; css_animation=&#8221;flipInX&#8221; css=&#8221;&#8221;][\/vc_column][vc_column width=&#8221;1\/3&#8243;][vc_empty_space height=&#8221;30px&#8221;][vc_single_image image=&#8221;15555&#8243; img_size=&#8221;large&#8221; alignment=&#8221;center&#8221; css_animation=&#8221;flipInX&#8221; css=&#8221;&#8221;][vc_empty_space height=&#8221;10px&#8221;][\/vc_column][\/vc_row][vc_row][vc_column width=&#8221;1\/3&#8243;][vc_single_image image=&#8221;14691&#8243; img_size=&#8221;medium&#8221; alignment=&#8221;center&#8221; css_animation=&#8221;flipInX&#8221; css=&#8221;&#8221;][vc_empty_space height=&#8221;62px&#8221;][\/vc_column][vc_column width=&#8221;1\/3&#8243;][\/vc_column][vc_column width=&#8221;1\/3&#8243;][vc_single_image image=&#8221;16556&#8243; img_size=&#8221;medium&#8221; alignment=&#8221;center&#8221; onclick=&#8221;custom_link&#8221; css_animation=&#8221;flipInX&#8221; css=&#8221;&#8221; link=&#8221;https:\/\/www.tmx.hu\/&#8221;][vc_empty_space height=&#8221;2px&#8221;][\/vc_column][\/vc_row][vc_row][vc_column width=&#8221;1\/3&#8243;][\/vc_column][vc_column width=&#8221;1\/3&#8243;][\/vc_column][vc_column width=&#8221;1\/3&#8243;][\/vc_column][\/vc_row]<\/p>\n<\/div>","protected":false},"excerpt":{"rendered":"<p>[vc_row][vc_column][vc_empty_space height=&#8221;100px&#8221;][\/vc_column][\/vc_row][vc_row][vc_column][\/vc_column][\/vc_row][vc_row full_width=&#8221;stretch_row&#8221; css=&#8221;.vc_custom_1727089164193{padding-top: 7px !important;padding-bottom: 7px !important;}&#8221; el_id=&#8221;tippmix_banner&#8221;][vc_column][vc_empty_space height=&#8221;10px&#8221;][vc_column_text][\/vc_column_text][\/vc_column][\/vc_row][vc_row full_width=&#8221;stretch_row&#8221; css=&#8221;.vc_custom_1711629677097{padding-top: 7px !important;padding-bottom: 7px !important;}&#8221;][vc_column][stm_news_tabs title=&#8221;&#8221; number=&#8221;6&#8243; post_categories=&#8221;hirek&#8221;][\/vc_column][\/vc_row][vc_row][vc_column][vc_empty_space][vc_custom_heading text=&#8221;K\u00d6VETKEZ\u0150 M\u00c9RK\u0150Z\u00c9SEK&#8221; font_container=&#8221;tag:h2|text_align:center&#8221; use_theme_fonts=&#8221;yes&#8221; css=&#8221;&#8221;][stm_next_match view_type=&#8221;blocks&#8221; show_games=&#8221;all&#8221; pick_team=&#8221;0&#8243; text_color=&#8221;#FFFFFF&#8221;][vc_column_text css_animation=&#8221;slideInUp&#8221; css=&#8221;&#8221;] Jegy\u00e1rak a 2024\/25-\u00f6s bajnoki m\u00e9rk\u0151z\u00e9sekre: Feln\u0151tt: 2.500 Ft Di\u00e1k vagy nyugd\u00edjas: 2.000 Ft VASAS-f\u00fcgg\u0151 k\u00e1rty\u00e1val: 2.000 Ft 14 \u00e9ves korig a bel\u00e9p\u00e9s ingyenes. Jegy v\u00e1s\u00e1rl\u00e1s&#8230;<\/p>\n","protected":false},"author":1,"featured_media":0,"parent":0,"menu_order":0,"comment_status":"closed","ping_status":"closed","template":"","meta":{"footnotes":""},"class_list":["post-84","page","type-page","status-publish","hentry"],"yoast_head":"<!-- This site is optimized with the Yoast SEO plugin v26.0 - https:\/\/yoast.com\/wordpress\/plugins\/seo\/ -->\n<title>Vasas Basket a n\u0151i kos\u00e1rlabda fellegv\u00e1ra - Vasas n\u0151i kos\u00e1rlabda<\/title>\n<meta name=\"robots\" content=\"index, follow, max-snippet:-1, max-image-preview:large, max-video-preview:-1\" \/>\n<link rel=\"canonical\" href=\"https:\/\/vasasbasket.hu\/\" \/>\n<meta property=\"og:locale\" content=\"hu_HU\" \/>\n<meta property=\"og:type\" content=\"article\" \/>\n<meta property=\"og:title\" content=\"Vasas Basket a n\u0151i kos\u00e1rlabda fellegv\u00e1ra - Vasas n\u0151i kos\u00e1rlabda\" \/>\n<meta property=\"og:description\" content=\"[vc_row][vc_column][vc_empty_space height=&#8221;100px&#8221;][\/vc_column][\/vc_row][vc_row][vc_column][\/vc_column][\/vc_row][vc_row full_width=&#8221;stretch_row&#8221; css=&#8221;.vc_custom_1727089164193{padding-top: 7px !important;padding-bottom: 7px !important;}&#8221; el_id=&#8221;tippmix_banner&#8221;][vc_column][vc_empty_space height=&#8221;10px&#8221;][vc_column_text][\/vc_column_text][\/vc_column][\/vc_row][vc_row full_width=&#8221;stretch_row&#8221; css=&#8221;.vc_custom_1711629677097{padding-top: 7px !important;padding-bottom: 7px !important;}&#8221;][vc_column][stm_news_tabs title=&#8221;&#8221; number=&#8221;6&#8243; post_categories=&#8221;hirek&#8221;][\/vc_column][\/vc_row][vc_row][vc_column][vc_empty_space][vc_custom_heading text=&#8221;K\u00d6VETKEZ\u0150 M\u00c9RK\u0150Z\u00c9SEK&#8221; font_container=&#8221;tag:h2|text_align:center&#8221; use_theme_fonts=&#8221;yes&#8221; css=&#8221;&#8221;][stm_next_match view_type=&#8221;blocks&#8221; show_games=&#8221;all&#8221; pick_team=&#8221;0&#8243; text_color=&#8221;#FFFFFF&#8221;][vc_column_text css_animation=&#8221;slideInUp&#8221; css=&#8221;&#8221;] Jegy\u00e1rak a 2024\/25-\u00f6s bajnoki m\u00e9rk\u0151z\u00e9sekre: Feln\u0151tt: 2.500 Ft Di\u00e1k vagy nyugd\u00edjas: 2.000 Ft VASAS-f\u00fcgg\u0151 k\u00e1rty\u00e1val: 2.000 Ft 14 \u00e9ves korig a bel\u00e9p\u00e9s ingyenes. Jegy v\u00e1s\u00e1rl\u00e1s...\" \/>\n<meta property=\"og:url\" content=\"https:\/\/vasasbasket.hu\/\" \/>\n<meta property=\"og:site_name\" content=\"Vasas n\u0151i kos\u00e1rlabda\" \/>\n<meta property=\"article:publisher\" content=\"https:\/\/www.facebook.com\/vasaswbasket\/\" \/>\n<meta property=\"article:modified_time\" content=\"2026-04-02T12:37:46+00:00\" \/>\n<meta name=\"twitter:card\" content=\"summary_large_image\" \/>\n<meta name=\"twitter:label1\" content=\"Becs\u00fclt olvas\u00e1si id\u0151\" \/>\n\t<meta name=\"twitter:data1\" content=\"2 perc\" \/>\n<script type=\"application\/ld+json\" class=\"yoast-schema-graph\">{\"@context\":\"https:\/\/schema.org\",\"@graph\":[{\"@type\":\"WebPage\",\"@id\":\"https:\/\/vasasbasket.hu\/\",\"url\":\"https:\/\/vasasbasket.hu\/\",\"name\":\"Vasas Basket a n\u0151i kos\u00e1rlabda fellegv\u00e1ra - Vasas n\u0151i kos\u00e1rlabda\",\"isPartOf\":{\"@id\":\"https:\/\/vasasbasket.hu\/#website\"},\"datePublished\":\"2016-04-19T05:29:11+00:00\",\"dateModified\":\"2026-04-02T12:37:46+00:00\",\"breadcrumb\":{\"@id\":\"https:\/\/vasasbasket.hu\/#breadcrumb\"},\"inLanguage\":\"hu\",\"potentialAction\":[{\"@type\":\"ReadAction\",\"target\":[\"https:\/\/vasasbasket.hu\/\"]}]},{\"@type\":\"BreadcrumbList\",\"@id\":\"https:\/\/vasasbasket.hu\/#breadcrumb\",\"itemListElement\":[{\"@type\":\"ListItem\",\"position\":1,\"name\":\"Kezd\u0151lap\",\"item\":\"https:\/\/vasasbasket.hu\/\"},{\"@type\":\"ListItem\",\"position\":2,\"name\":\"Vasas Basket a n\u0151i kos\u00e1rlabda fellegv\u00e1ra\"}]},{\"@type\":\"WebSite\",\"@id\":\"https:\/\/vasasbasket.hu\/#website\",\"url\":\"https:\/\/vasasbasket.hu\/\",\"name\":\"Vasas n\u0151i kos\u00e1rlabda\",\"description\":\"Vasas Basket N\u0151i\",\"publisher\":{\"@id\":\"https:\/\/vasasbasket.hu\/#organization\"},\"potentialAction\":[{\"@type\":\"SearchAction\",\"target\":{\"@type\":\"EntryPoint\",\"urlTemplate\":\"https:\/\/vasasbasket.hu\/?s={search_term_string}\"},\"query-input\":{\"@type\":\"PropertyValueSpecification\",\"valueRequired\":true,\"valueName\":\"search_term_string\"}}],\"inLanguage\":\"hu\"},{\"@type\":\"Organization\",\"@id\":\"https:\/\/vasasbasket.hu\/#organization\",\"name\":\"Vasas n\u0151i kos\u00e1rlabda\",\"url\":\"https:\/\/vasasbasket.hu\/\",\"logo\":{\"@type\":\"ImageObject\",\"inLanguage\":\"hu\",\"@id\":\"https:\/\/vasasbasket.hu\/#\/schema\/logo\/image\/\",\"url\":\"https:\/\/vasasbasket.hu\/wp-content\/uploads\/2017\/03\/vasas_cimer_1200.jpg\",\"contentUrl\":\"https:\/\/vasasbasket.hu\/wp-content\/uploads\/2017\/03\/vasas_cimer_1200.jpg\",\"width\":1200,\"height\":1200,\"caption\":\"Vasas n\u0151i kos\u00e1rlabda\"},\"image\":{\"@id\":\"https:\/\/vasasbasket.hu\/#\/schema\/logo\/image\/\"},\"sameAs\":[\"https:\/\/www.facebook.com\/vasaswbasket\/\"]}]}<\/script>\n<!-- \/ Yoast SEO plugin. -->","yoast_head_json":{"title":"Vasas Basket a n\u0151i kos\u00e1rlabda fellegv\u00e1ra - Vasas n\u0151i kos\u00e1rlabda","robots":{"index":"index","follow":"follow","max-snippet":"max-snippet:-1","max-image-preview":"max-image-preview:large","max-video-preview":"max-video-preview:-1"},"canonical":"https:\/\/vasasbasket.hu\/","og_locale":"hu_HU","og_type":"article","og_title":"Vasas Basket a n\u0151i kos\u00e1rlabda fellegv\u00e1ra - Vasas n\u0151i kos\u00e1rlabda","og_description":"[vc_row][vc_column][vc_empty_space height=&#8221;100px&#8221;][\/vc_column][\/vc_row][vc_row][vc_column][\/vc_column][\/vc_row][vc_row full_width=&#8221;stretch_row&#8221; css=&#8221;.vc_custom_1727089164193{padding-top: 7px !important;padding-bottom: 7px !important;}&#8221; el_id=&#8221;tippmix_banner&#8221;][vc_column][vc_empty_space height=&#8221;10px&#8221;][vc_column_text][\/vc_column_text][\/vc_column][\/vc_row][vc_row full_width=&#8221;stretch_row&#8221; css=&#8221;.vc_custom_1711629677097{padding-top: 7px !important;padding-bottom: 7px !important;}&#8221;][vc_column][stm_news_tabs title=&#8221;&#8221; number=&#8221;6&#8243; post_categories=&#8221;hirek&#8221;][\/vc_column][\/vc_row][vc_row][vc_column][vc_empty_space][vc_custom_heading text=&#8221;K\u00d6VETKEZ\u0150 M\u00c9RK\u0150Z\u00c9SEK&#8221; font_container=&#8221;tag:h2|text_align:center&#8221; use_theme_fonts=&#8221;yes&#8221; css=&#8221;&#8221;][stm_next_match view_type=&#8221;blocks&#8221; show_games=&#8221;all&#8221; pick_team=&#8221;0&#8243; text_color=&#8221;#FFFFFF&#8221;][vc_column_text css_animation=&#8221;slideInUp&#8221; css=&#8221;&#8221;] Jegy\u00e1rak a 2024\/25-\u00f6s bajnoki m\u00e9rk\u0151z\u00e9sekre: Feln\u0151tt: 2.500 Ft Di\u00e1k vagy nyugd\u00edjas: 2.000 Ft VASAS-f\u00fcgg\u0151 k\u00e1rty\u00e1val: 2.000 Ft 14 \u00e9ves korig a bel\u00e9p\u00e9s ingyenes. Jegy v\u00e1s\u00e1rl\u00e1s...","og_url":"https:\/\/vasasbasket.hu\/","og_site_name":"Vasas n\u0151i kos\u00e1rlabda","article_publisher":"https:\/\/www.facebook.com\/vasaswbasket\/","article_modified_time":"2026-04-02T12:37:46+00:00","twitter_card":"summary_large_image","twitter_misc":{"Becs\u00fclt olvas\u00e1si id\u0151":"2 perc"},"schema":{"@context":"https:\/\/schema.org","@graph":[{"@type":"WebPage","@id":"https:\/\/vasasbasket.hu\/","url":"https:\/\/vasasbasket.hu\/","name":"Vasas Basket a n\u0151i kos\u00e1rlabda fellegv\u00e1ra - Vasas n\u0151i kos\u00e1rlabda","isPartOf":{"@id":"https:\/\/vasasbasket.hu\/#website"},"datePublished":"2016-04-19T05:29:11+00:00","dateModified":"2026-04-02T12:37:46+00:00","breadcrumb":{"@id":"https:\/\/vasasbasket.hu\/#breadcrumb"},"inLanguage":"hu","potentialAction":[{"@type":"ReadAction","target":["https:\/\/vasasbasket.hu\/"]}]},{"@type":"BreadcrumbList","@id":"https:\/\/vasasbasket.hu\/#breadcrumb","itemListElement":[{"@type":"ListItem","position":1,"name":"Kezd\u0151lap","item":"https:\/\/vasasbasket.hu\/"},{"@type":"ListItem","position":2,"name":"Vasas Basket a n\u0151i kos\u00e1rlabda fellegv\u00e1ra"}]},{"@type":"WebSite","@id":"https:\/\/vasasbasket.hu\/#website","url":"https:\/\/vasasbasket.hu\/","name":"Vasas n\u0151i kos\u00e1rlabda","description":"Vasas Basket N\u0151i","publisher":{"@id":"https:\/\/vasasbasket.hu\/#organization"},"potentialAction":[{"@type":"SearchAction","target":{"@type":"EntryPoint","urlTemplate":"https:\/\/vasasbasket.hu\/?s={search_term_string}"},"query-input":{"@type":"PropertyValueSpecification","valueRequired":true,"valueName":"search_term_string"}}],"inLanguage":"hu"},{"@type":"Organization","@id":"https:\/\/vasasbasket.hu\/#organization","name":"Vasas n\u0151i kos\u00e1rlabda","url":"https:\/\/vasasbasket.hu\/","logo":{"@type":"ImageObject","inLanguage":"hu","@id":"https:\/\/vasasbasket.hu\/#\/schema\/logo\/image\/","url":"https:\/\/vasasbasket.hu\/wp-content\/uploads\/2017\/03\/vasas_cimer_1200.jpg","contentUrl":"https:\/\/vasasbasket.hu\/wp-content\/uploads\/2017\/03\/vasas_cimer_1200.jpg","width":1200,"height":1200,"caption":"Vasas n\u0151i kos\u00e1rlabda"},"image":{"@id":"https:\/\/vasasbasket.hu\/#\/schema\/logo\/image\/"},"sameAs":["https:\/\/www.facebook.com\/vasaswbasket\/"]}]}},"_links":{"self":[{"href":"https:\/\/vasasbasket.hu\/index.php\/wp-json\/wp\/v2\/pages\/84","targetHints":{"allow":["GET"]}}],"collection":[{"href":"https:\/\/vasasbasket.hu\/index.php\/wp-json\/wp\/v2\/pages"}],"about":[{"href":"https:\/\/vasasbasket.hu\/index.php\/wp-json\/wp\/v2\/types\/page"}],"author":[{"embeddable":true,"href":"https:\/\/vasasbasket.hu\/index.php\/wp-json\/wp\/v2\/users\/1"}],"replies":[{"embeddable":true,"href":"https:\/\/vasasbasket.hu\/index.php\/wp-json\/wp\/v2\/comments?post=84"}],"version-history":[{"count":383,"href":"https:\/\/vasasbasket.hu\/index.php\/wp-json\/wp\/v2\/pages\/84\/revisions"}],"predecessor-version":[{"id":16563,"href":"https:\/\/vasasbasket.hu\/index.php\/wp-json\/wp\/v2\/pages\/84\/revisions\/16563"}],"wp:attachment":[{"href":"https:\/\/vasasbasket.hu\/index.php\/wp-json\/wp\/v2\/media?parent=84"}],"curies":[{"name":"wp","href":"https:\/\/api.w.org\/{rel}","templated":true}]}}