{"version":"1.0","provider_name":"Vasas n\u0151i kos\u00e1rlabda","provider_url":"https:\/\/vasasbasket.hu","title":"Veretlen\u00fcl z\u00e1rt\u00e1k az alapszakaszt juniorjaink - Vasas n\u0151i kos\u00e1rlabda","type":"rich","width":600,"height":338,"html":"<blockquote class=\"wp-embedded-content\" data-secret=\"mxMOgZ2gil\"><a href=\"https:\/\/vasasbasket.hu\/index.php\/veretlenul-zartak-az-alapszakaszt-juniorjaink\/\">Veretlen\u00fcl z\u00e1rt\u00e1k az alapszakaszt juniorjaink<\/a><\/blockquote><iframe sandbox=\"allow-scripts\" security=\"restricted\" src=\"https:\/\/vasasbasket.hu\/index.php\/veretlenul-zartak-az-alapszakaszt-juniorjaink\/embed\/#?secret=mxMOgZ2gil\" width=\"600\" height=\"338\" title=\"&#8220;Veretlen\u00fcl z\u00e1rt\u00e1k az alapszakaszt juniorjaink&#8221; &#8212; Vasas n\u0151i kos\u00e1rlabda\" data-secret=\"mxMOgZ2gil\" frameborder=\"0\" marginwidth=\"0\" marginheight=\"0\" scrolling=\"no\" class=\"wp-embedded-content\"><\/iframe><script type=\"text\/javascript\">\n\/* <![CDATA[ *\/\n\/*! This file is auto-generated *\/\n!function(d,l){\"use strict\";l.querySelector&&d.addEventListener&&\"undefined\"!=typeof URL&&(d.wp=d.wp||{},d.wp.receiveEmbedMessage||(d.wp.receiveEmbedMessage=function(e){var t=e.data;if((t||t.secret||t.message||t.value)&&!\/[^a-zA-Z0-9]\/.test(t.secret)){for(var s,r,n,a=l.querySelectorAll('iframe[data-secret=\"'+t.secret+'\"]'),o=l.querySelectorAll('blockquote[data-secret=\"'+t.secret+'\"]'),c=new RegExp(\"^https?:$\",\"i\"),i=0;i<o.length;i++)o[i].style.display=\"none\";for(i=0;i<a.length;i++)s=a[i],e.source===s.contentWindow&&(s.removeAttribute(\"style\"),\"height\"===t.message?(1e3<(r=parseInt(t.value,10))?r=1e3:~~r<200&&(r=200),s.height=r):\"link\"===t.message&&(r=new URL(s.getAttribute(\"src\")),n=new URL(t.value),c.test(n.protocol))&&n.host===r.host&&l.activeElement===s&&(d.top.location.href=t.value))}},d.addEventListener(\"message\",d.wp.receiveEmbedMessage,!1),l.addEventListener(\"DOMContentLoaded\",function(){for(var e,t,s=l.querySelectorAll(\"iframe.wp-embedded-content\"),r=0;r<s.length;r++)(t=(e=s[r]).getAttribute(\"data-secret\"))||(t=Math.random().toString(36).substring(2,12),e.src+=\"#?secret=\"+t,e.setAttribute(\"data-secret\",t)),e.contentWindow.postMessage({message:\"ready\",secret:t},\"*\")},!1)))}(window,document);\n\/* ]]> *\/\n<\/script>\n","thumbnail_url":"https:\/\/vasasbasket.hu\/wp-content\/uploads\/2019\/12\/78779129_2563264207295452_5145498076194013184_n-e1575923426424.jpg","thumbnail_width":1515,"thumbnail_height":967,"description":"A kiemelt junior bajnoks\u00e1g alapszakasz\u00e1nak utols\u00f3 m\u00e9rk\u0151z\u00e9s\u00e9n v\u00e1rt r\u00e1nk m\u00e9g egy pr\u00f3bat\u00e9tel, hiszen a m\u00e1sodik helyezett Szeksz\u00e1rd l\u00e1togatott Pasar\u00e9tre. Nem volt k\u00f6nny\u0171 dolgunk, azonban magabiztosan vett\u00fck az \u00fajabb akad\u00e1lyt, \u00edgy veres\u00e9g n\u00e9lk\u00fcl v\u00e1rhatjuk a folytat\u00e1st. \u00dajra egy er\u0151sebb ellenf\u00e9llel kellett szemben\u00e9zni, a legut\u00f3bbi tal\u00e1lkoz\u00f3hoz k\u00e9pest r\u00e1ad\u00e1sul kieg\u00e9sz\u00fclt a Szeksz\u00e1rd. Nem ment minden a megbesz\u00e9ltek szerint,..."}

Vasas női kosárlabda

Veretlenül zárták az alapszakaszt juniorjaink - Vasas női kosárlabda

<blockquote class="wp-embedded-content" data-secret="mxMOgZ2gil"><a href="https://vasasbasket.hu/index.php/veretlenul-zartak-az-alapszakaszt-juniorjaink/">Veretlenül zárták az alapszakaszt juniorjaink</a></blockquote><iframe sandbox="allow-scripts" security="restricted" src="https://vasasbasket.hu/index.php/veretlenul-zartak-az-alapszakaszt-juniorjaink/embed/#?secret=mxMOgZ2gil" width="600" height="338" title="&#8220;Veretlenül zárták az alapszakaszt juniorjaink&#8221; &#8212; Vasas női kosárlabda" data-secret="mxMOgZ2gil" frameborder="0" marginwidth="0" marginheight="0" scrolling="no" class="wp-embedded-content"></iframe><script type="text/javascript">
/* <![CDATA[ */
/*! This file is auto-generated */
!function(d,l){"use strict";l.querySelector&&d.addEventListener&&"undefined"!=typeof URL&&(d.wp=d.wp||{},d.wp.receiveEmbedMessage||(d.wp.receiveEmbedMessage=function(e){var t=e.data;if((t||t.secret||t.message||t.value)&&!/[^a-zA-Z0-9]/.test(t.secret)){for(var s,r,n,a=l.querySelectorAll('iframe[data-secret="'+t.secret+'"]'),o=l.querySelectorAll('blockquote[data-secret="'+t.secret+'"]'),c=new RegExp("^https?:$","i"),i=0;i<o.length;i++)o[i].style.display="none";for(i=0;i<a.length;i++)s=a[i],e.source===s.contentWindow&&(s.removeAttribute("style"),"height"===t.message?(1e3<(r=parseInt(t.value,10))?r=1e3:~~r<200&&(r=200),s.height=r):"link"===t.message&&(r=new URL(s.getAttribute("src")),n=new URL(t.value),c.test(n.protocol))&&n.host===r.host&&l.activeElement===s&&(d.top.location.href=t.value))}},d.addEventListener("message",d.wp.receiveEmbedMessage,!1),l.addEventListener("DOMContentLoaded",function(){for(var e,t,s=l.querySelectorAll("iframe.wp-embedded-content"),r=0;r<s.length;r++)(t=(e=s[r]).getAttribute("data-secret"))||(t=Math.random().toString(36).substring(2,12),e.src+="#?secret="+t,e.setAttribute("data-secret",t)),e.contentWindow.postMessage({message:"ready",secret:t},"*")},!1)))}(window,document);
/* ]]> */
</script>

A kiemelt junior bajnokság alapszakaszának utolsó mérkőzésén várt ránk még egy próbatétel, hiszen a második helyezett Szekszárd látogatott Pasarétre. Nem volt könnyű dolgunk, azonban magabiztosan vettük az újabb akadályt, így vereség nélkül várhatjuk a folytatást. Újra egy erősebb ellenféllel kellett szembenézni, a legutóbbi találkozóhoz képest ráadásul kiegészült a Szekszárd. Nem ment minden a megbeszéltek szerint,...
