{"version":"1.0","provider_name":"Vasas n\u0151i kos\u00e1rlabda","provider_url":"https:\/\/vasasbasket.hu","title":"N\u00e9gy Vasas Akad\u00e9mia nevel\u00e9ssel kezd\u0151dik a vb-selejtez\u0151 - Vasas n\u0151i kos\u00e1rlabda","type":"rich","width":600,"height":338,"html":"<blockquote class=\"wp-embedded-content\" data-secret=\"5jZK4WzNtT\"><a href=\"https:\/\/vasasbasket.hu\/index.php\/negy-vasas-akademia-nevelessel-kezdodik-a-vb-selejtezo\/\">N\u00e9gy Vasas Akad\u00e9mia nevel\u00e9ssel kezd\u0151dik a vb-selejtez\u0151<\/a><\/blockquote><iframe sandbox=\"allow-scripts\" security=\"restricted\" src=\"https:\/\/vasasbasket.hu\/index.php\/negy-vasas-akademia-nevelessel-kezdodik-a-vb-selejtezo\/embed\/#?secret=5jZK4WzNtT\" width=\"600\" height=\"338\" title=\"&#8220;N\u00e9gy Vasas Akad\u00e9mia nevel\u00e9ssel kezd\u0151dik a vb-selejtez\u0151&#8221; &#8212; Vasas n\u0151i kos\u00e1rlabda\" data-secret=\"5jZK4WzNtT\" frameborder=\"0\" marginwidth=\"0\" marginheight=\"0\" scrolling=\"no\" class=\"wp-embedded-content\"><\/iframe><script type=\"text\/javascript\">\n\/* <![CDATA[ *\/\n\/*! This file is auto-generated *\/\n!function(d,l){\"use strict\";l.querySelector&&d.addEventListener&&\"undefined\"!=typeof URL&&(d.wp=d.wp||{},d.wp.receiveEmbedMessage||(d.wp.receiveEmbedMessage=function(e){var t=e.data;if((t||t.secret||t.message||t.value)&&!\/[^a-zA-Z0-9]\/.test(t.secret)){for(var s,r,n,a=l.querySelectorAll('iframe[data-secret=\"'+t.secret+'\"]'),o=l.querySelectorAll('blockquote[data-secret=\"'+t.secret+'\"]'),c=new RegExp(\"^https?:$\",\"i\"),i=0;i<o.length;i++)o[i].style.display=\"none\";for(i=0;i<a.length;i++)s=a[i],e.source===s.contentWindow&&(s.removeAttribute(\"style\"),\"height\"===t.message?(1e3<(r=parseInt(t.value,10))?r=1e3:~~r<200&&(r=200),s.height=r):\"link\"===t.message&&(r=new URL(s.getAttribute(\"src\")),n=new URL(t.value),c.test(n.protocol))&&n.host===r.host&&l.activeElement===s&&(d.top.location.href=t.value))}},d.addEventListener(\"message\",d.wp.receiveEmbedMessage,!1),l.addEventListener(\"DOMContentLoaded\",function(){for(var e,t,s=l.querySelectorAll(\"iframe.wp-embedded-content\"),r=0;r<s.length;r++)(t=(e=s[r]).getAttribute(\"data-secret\"))||(t=Math.random().toString(36).substring(2,12),e.src+=\"#?secret=\"+t,e.setAttribute(\"data-secret\",t)),e.contentWindow.postMessage({message:\"ready\",secret:t},\"*\")},!1)))}(window,document);\n\/* ]]> *\/\n<\/script>\n","thumbnail_url":"https:\/\/vasasbasket.hu\/wp-content\/uploads\/2026\/03\/xmeaglbzzpmx9xglzw9q.webp","thumbnail_width":2400,"thumbnail_height":1601,"description":"A mai napon Jap\u00e1n ellen kezdi meg a vil\u00e1gbajnoki selejtez\u0151t feln\u0151tt n\u0151i v\u00e1logatottunk, amelynek harmad\u00e1t a Vasas Akad\u00e9mia neveltjei alkotj\u00e1k. Statisztikai mutat\u00f3k alapj\u00e1n a magyar csapat rendelkezik a legnagyobb \u00e1tlagmagass\u00e1ggal \u00e9s a legfiatalabb \u00e1tlag\u00e9letkorral. N\u00e9gy egykori tan\u00edtv\u00e1nyunk, Aho Nina, Dombai R\u00e9ka, D\u00fal Terka \u00e9s Varga Al\u00edz kapott megh\u00edv\u00f3t a 12 f\u0151s keretbe, amely ma 15:30-kor..."}

Vasas női kosárlabda

Négy Vasas Akadémia neveléssel kezdődik a vb-selejtező - Vasas női kosárlabda

<blockquote class="wp-embedded-content" data-secret="5jZK4WzNtT"><a href="https://vasasbasket.hu/index.php/negy-vasas-akademia-nevelessel-kezdodik-a-vb-selejtezo/">Négy Vasas Akadémia neveléssel kezdődik a vb-selejtező</a></blockquote><iframe sandbox="allow-scripts" security="restricted" src="https://vasasbasket.hu/index.php/negy-vasas-akademia-nevelessel-kezdodik-a-vb-selejtezo/embed/#?secret=5jZK4WzNtT" width="600" height="338" title="&#8220;Négy Vasas Akadémia neveléssel kezdődik a vb-selejtező&#8221; &#8212; Vasas női kosárlabda" data-secret="5jZK4WzNtT" frameborder="0" marginwidth="0" marginheight="0" scrolling="no" class="wp-embedded-content"></iframe><script type="text/javascript">
/* <![CDATA[ */
/*! This file is auto-generated */
!function(d,l){"use strict";l.querySelector&&d.addEventListener&&"undefined"!=typeof URL&&(d.wp=d.wp||{},d.wp.receiveEmbedMessage||(d.wp.receiveEmbedMessage=function(e){var t=e.data;if((t||t.secret||t.message||t.value)&&!/[^a-zA-Z0-9]/.test(t.secret)){for(var s,r,n,a=l.querySelectorAll('iframe[data-secret="'+t.secret+'"]'),o=l.querySelectorAll('blockquote[data-secret="'+t.secret+'"]'),c=new RegExp("^https?:$","i"),i=0;i<o.length;i++)o[i].style.display="none";for(i=0;i<a.length;i++)s=a[i],e.source===s.contentWindow&&(s.removeAttribute("style"),"height"===t.message?(1e3<(r=parseInt(t.value,10))?r=1e3:~~r<200&&(r=200),s.height=r):"link"===t.message&&(r=new URL(s.getAttribute("src")),n=new URL(t.value),c.test(n.protocol))&&n.host===r.host&&l.activeElement===s&&(d.top.location.href=t.value))}},d.addEventListener("message",d.wp.receiveEmbedMessage,!1),l.addEventListener("DOMContentLoaded",function(){for(var e,t,s=l.querySelectorAll("iframe.wp-embedded-content"),r=0;r<s.length;r++)(t=(e=s[r]).getAttribute("data-secret"))||(t=Math.random().toString(36).substring(2,12),e.src+="#?secret="+t,e.setAttribute("data-secret",t)),e.contentWindow.postMessage({message:"ready",secret:t},"*")},!1)))}(window,document);
/* ]]> */
</script>

A mai napon Japán ellen kezdi meg a világbajnoki selejtezőt felnőtt női válogatottunk, amelynek harmadát a Vasas Akadémia neveltjei alkotják. Statisztikai mutatók alapján a magyar csapat rendelkezik a legnagyobb átlagmagassággal és a legfiatalabb átlagéletkorral. Négy egykori tanítványunk, Aho Nina, Dombai Réka, Dúl Terka és Varga Alíz kapott meghívót a 12 fős keretbe, amely ma 15:30-kor...
