{"version":"1.0","provider_name":"Vasas n\u0151i kos\u00e1rlabda","provider_url":"https:\/\/vasasbasket.hu","title":"A magyar \u201cA\u201d v\u00e1logatott arany\u00e9rmes Debrecenben - Vasas n\u0151i kos\u00e1rlabda","type":"rich","width":600,"height":338,"html":"<blockquote class=\"wp-embedded-content\" data-secret=\"8A70Bu9zY9\"><a href=\"https:\/\/vasasbasket.hu\/index.php\/a-magyar-a-valogatott-aranyermes-debrecenben\/\">A magyar \u201cA\u201d v\u00e1logatott arany\u00e9rmes Debrecenben<\/a><\/blockquote><iframe sandbox=\"allow-scripts\" security=\"restricted\" src=\"https:\/\/vasasbasket.hu\/index.php\/a-magyar-a-valogatott-aranyermes-debrecenben\/embed\/#?secret=8A70Bu9zY9\" width=\"600\" height=\"338\" title=\"&#8220;A magyar \u201cA\u201d v\u00e1logatott arany\u00e9rmes Debrecenben&#8221; &#8212; Vasas n\u0151i kos\u00e1rlabda\" data-secret=\"8A70Bu9zY9\" frameborder=\"0\" marginwidth=\"0\" marginheight=\"0\" scrolling=\"no\" class=\"wp-embedded-content\"><\/iframe><script type=\"text\/javascript\">\n\/* <![CDATA[ *\/\n\/*! This file is auto-generated *\/\n!function(d,l){\"use strict\";l.querySelector&&d.addEventListener&&\"undefined\"!=typeof URL&&(d.wp=d.wp||{},d.wp.receiveEmbedMessage||(d.wp.receiveEmbedMessage=function(e){var t=e.data;if((t||t.secret||t.message||t.value)&&!\/[^a-zA-Z0-9]\/.test(t.secret)){for(var s,r,n,a=l.querySelectorAll('iframe[data-secret=\"'+t.secret+'\"]'),o=l.querySelectorAll('blockquote[data-secret=\"'+t.secret+'\"]'),c=new RegExp(\"^https?:$\",\"i\"),i=0;i<o.length;i++)o[i].style.display=\"none\";for(i=0;i<a.length;i++)s=a[i],e.source===s.contentWindow&&(s.removeAttribute(\"style\"),\"height\"===t.message?(1e3<(r=parseInt(t.value,10))?r=1e3:~~r<200&&(r=200),s.height=r):\"link\"===t.message&&(r=new URL(s.getAttribute(\"src\")),n=new URL(t.value),c.test(n.protocol))&&n.host===r.host&&l.activeElement===s&&(d.top.location.href=t.value))}},d.addEventListener(\"message\",d.wp.receiveEmbedMessage,!1),l.addEventListener(\"DOMContentLoaded\",function(){for(var e,t,s=l.querySelectorAll(\"iframe.wp-embedded-content\"),r=0;r<s.length;r++)(t=(e=s[r]).getAttribute(\"data-secret\"))||(t=Math.random().toString(36).substring(2,12),e.src+=\"#?secret=\"+t,e.setAttribute(\"data-secret\",t)),e.contentWindow.postMessage({message:\"ready\",secret:t},\"*\")},!1)))}(window,document);\n\/* ]]> *\/\n<\/script>\n","thumbnail_url":"https:\/\/vasasbasket.hu\/wp-content\/uploads\/2020\/08\/hun5-1024x576-1.png","thumbnail_width":1024,"thumbnail_height":576,"description":"A magyar \u201cA\u201d v\u00e1logatott 12-10-re legy\u0151zte \u00c9sztorsz\u00e1got \u00e9s megnyerte a debreceni 3\u00d73-as ifj\u00fas\u00e1gi fesztiv\u00e1l le\u00e1ny kos\u00e1rlabda torn\u00e1j\u00e1t. A torna MVP-je a Vasas Akad\u00e9mia j\u00e1t\u00e9kosa, Szerencs\u00e9s Tamara lett. Az All-Star csapatba Tamara mellett Mad\u00e1r Esztert is bev\u00e1lasztott\u00e1k. A h\u00e1rom Vasas Akad\u00e9mia j\u00e1t\u00e9kossal fel\u00e1ll\u00f3\u00a0magyar \u201cA\u201d jel\u0171 v\u00e1logatott a h\u00e9tv\u00e9g\u00e9n veretlen\u00fcl nyerte meg a debreceni 3\u00d73-as ifj\u00fas\u00e1gi fesztiv\u00e1lt..."}

Vasas női kosárlabda

A magyar “A” válogatott aranyérmes Debrecenben - Vasas női kosárlabda

<blockquote class="wp-embedded-content" data-secret="8A70Bu9zY9"><a href="https://vasasbasket.hu/index.php/a-magyar-a-valogatott-aranyermes-debrecenben/">A magyar “A” válogatott aranyérmes Debrecenben</a></blockquote><iframe sandbox="allow-scripts" security="restricted" src="https://vasasbasket.hu/index.php/a-magyar-a-valogatott-aranyermes-debrecenben/embed/#?secret=8A70Bu9zY9" width="600" height="338" title="&#8220;A magyar “A” válogatott aranyérmes Debrecenben&#8221; &#8212; Vasas női kosárlabda" data-secret="8A70Bu9zY9" frameborder="0" marginwidth="0" marginheight="0" scrolling="no" class="wp-embedded-content"></iframe><script type="text/javascript">
/* <![CDATA[ */
/*! This file is auto-generated */
!function(d,l){"use strict";l.querySelector&&d.addEventListener&&"undefined"!=typeof URL&&(d.wp=d.wp||{},d.wp.receiveEmbedMessage||(d.wp.receiveEmbedMessage=function(e){var t=e.data;if((t||t.secret||t.message||t.value)&&!/[^a-zA-Z0-9]/.test(t.secret)){for(var s,r,n,a=l.querySelectorAll('iframe[data-secret="'+t.secret+'"]'),o=l.querySelectorAll('blockquote[data-secret="'+t.secret+'"]'),c=new RegExp("^https?:$","i"),i=0;i<o.length;i++)o[i].style.display="none";for(i=0;i<a.length;i++)s=a[i],e.source===s.contentWindow&&(s.removeAttribute("style"),"height"===t.message?(1e3<(r=parseInt(t.value,10))?r=1e3:~~r<200&&(r=200),s.height=r):"link"===t.message&&(r=new URL(s.getAttribute("src")),n=new URL(t.value),c.test(n.protocol))&&n.host===r.host&&l.activeElement===s&&(d.top.location.href=t.value))}},d.addEventListener("message",d.wp.receiveEmbedMessage,!1),l.addEventListener("DOMContentLoaded",function(){for(var e,t,s=l.querySelectorAll("iframe.wp-embedded-content"),r=0;r<s.length;r++)(t=(e=s[r]).getAttribute("data-secret"))||(t=Math.random().toString(36).substring(2,12),e.src+="#?secret="+t,e.setAttribute("data-secret",t)),e.contentWindow.postMessage({message:"ready",secret:t},"*")},!1)))}(window,document);
/* ]]> */
</script>

A magyar “A” válogatott 12-10-re legyőzte Észtországot és megnyerte a debreceni 3×3-as ifjúsági fesztivál leány kosárlabda tornáját. A torna MVP-je a Vasas Akadémia játékosa, Szerencsés Tamara lett. Az All-Star csapatba Tamara mellett Madár Esztert is beválasztották. A három Vasas Akadémia játékossal felálló magyar “A” jelű válogatott a hétvégén veretlenül nyerte meg a debreceni 3×3-as ifjúsági fesztivált...
